1.
11
What is the remainder when 1277 is divided by 39?
29
What is the remainder when 556 is divided by 93?
91
Calculate the remainder when 161 is divided by 107.
54
What is the remainder when 219 is divided by 14?
9
Calculate the remainder when 521 is divided by 15.
11
What is the remainder when 1500 is divided by 116?
108
What is the remainder when 1426 is divided by 26?
22
Calculate the remainder when 1309 is divided by 13.
9
Calculate the remainder when 202 is divided by 33.
4
What is the remainder when 57 is divided by 30?
27
Calculate the remainder when 804 is divided by 99.
12
What is the remainder when 107 is divided by 55?
52
Calculate the remainder when 1676 is divided by 168.
164
Calculate the remainder when 278 is divided by 31.
30
What is the remainder when 192 is divided by 13?
10
What is the remainder when 67 is divided by 25?
17
What is the remainder when 382 is divided by 304?
78
Calculate the remainder when 95 is divided by 15.
5
What is the remainder when 651 is divided by 20?
11
Calculate the remainder when 1556 is divided by 117.
35
What is the remainder when 79 is divided by 50?
29
Calculate the remainder when 844 is divided by 16.
12
What is the remainder when 27947 is divided by 50?
47
Calculate the remainder when 332 is divided by 101.
29
Calculate the remainder when 207 is divided by 44.
31
What is the remainder when 27258 is divided by 29?
27
What is the remainder when 17621 is divided by 9?
8
What is the remainder when 1849 is divided by 131?
15
Calculate the remainder when 15 is divided by 1.
0
Calculate the remainder when 933 is divided by 69.
36
What is the remainder when 108 is divided by 90?
18
What is the remainder when 862 is divided by 293?
276
Calculate the remainder when 1391 is divided by 45.
41
Calculate the remainder when 27969 is divided by 37.
34
Calculate the remainder when 196 is divided by 33.
31
What is the remainder when 830 is divided by 25?
5
Calculate the remainder when 23 is divided by 1.
0
Calculate the remainder when 796 is divided by 160.
156
Calculate the remainder when 69 is divided by 6.
3
What is the remainder when 480 is divided by 21?
18
What is the remainder when 276 is divided by 141?
135
Calculate the remainder when 51 is divided by 5.
1
Calculate the remainder when 956 is divided by 121.
109
Calculate the remainder when 291 is divided by 42.
39
What is the remainder when 2439 is divided by 37?
34
Calculate the remainder when 1595 is divided by 34.
31
What is the remainder when 1910 is divided by 120?
110
Calculate the remainder when 42 is divided by 14.
0
Calculate the remainder when 1347 is divided by 50.
47
What is the remainder when 472 is divided by 92?
12
What is the remainder when 690 is divided by 18?
6
What is the remainder when 61 is divided by 30?
1
What is the remainder when 704 is divided by 102?
92
What is the remainder when 24 is divided by 15?
9
Calculate the remainder when 237 is divided by 50.
37
What is the remainder when 181 is divided by 94?
87
Calculate the remainder when 621 is divided by 104.
101
What is the remainder when 277 is divided by 93?
91
Calculate the remainder when 4062 is divided by 107.
103
What is the remainder when 1088 is divided by 109?
107
Calculate the remainder when 421 is divided by 29.
15
What is the remainder when 65 is divided by 38?
27
Calculate the remainder when 382 is divided by 127.
1
Calculate the remainder when 1904 is divided by 473.
12
What is the remainder when 245 is divided by 3?
2
What is the remainder when 683 is divided by 5?
3
What is the remainder when 1163 is divided by 11?
8
Calculate the remainder when 963 is divided by 206.
139
Calculate the remainder when 213 is divided by 41.
8
What is the remainder when 708 is divided by 122?
98
Calculate the remainder when 78 is divided by 66.
12
Calculate the remainder when 535 is divided by 251.
33
Calculate the remainder when 89 is divided by 12.
5
What is the remainder when 383 is divided by 7?
5
What is the remainder when 98 is divided by 26?
20
What is the remainder when 2858 is divided by 52?
50
What is the remainder when 502 is divided by 14?
12
What is the remainder when 14872 is divided by 32?
24
What is the remainder when 1983 is divided by 220?
3
What is the remainder when 178 is divided by 22?
2
Calculate the remainder when 1095 is divided by 271.
11
What is the remainder when 71 is divided by 15?
11
What is the remainder when 5102 is divided by 232?
230
What is the remainder when 591 is divided by 76?
59
What is the remainder when 204 is divided by 69?
66
What is the remainder when 655 is divided by 60?
55
What is the remainder when 365 is divided by 97?
74
Calculate the remainder when 504 is divided by 72.
0
Calculate the remainder when 47 is divided by 3.
2
What is the remainder when 66 is divided by 48?
18
Calculate the remainder when 1311 is divided by 32.
31
What is the remainder when 379 is divided by 109?
52
Calculate the remainder when 239 is divided by 224.
15
Calculate the remainder when 7003 is divided by 159.
7
Calculate the remainder when 42 is divided by 5.
2
Calculate the remainder when 301 is divided by 146.
9
What is the remainder when 817 is divided by 39?
37
What is the remainder when 892 is divided by 445?
2
What is the remainder when 527 is divided by 106?
103
What is the remainder when 914 is divided by 27?
23
Calculate the remainder when 178 is divided by 9.
7
What is the remainder when 196 is divided by 188?
8
What is the remainder when 1297 is divided by 322?
9
What is the remainder when 76 is divided by 10?
6
What is the remainder when 196 is divided by 61?
13
What is the remainder when 94 is divided by 10?
4
What is the remainder when 753 is divided by 249?
6
Calculate the remainder when 399 is divided by 126.
21
What is the remainder when 359 is divided by 12?
11
Calculate the remainder when 50 is divided by 13.
11
Calculate the remainder when 488 is divided by 26.
20
What is the remainder when 1279 is divided by 39?
31
What is the remainder when 621 is divided by 129?
105
Calculate the remainder when 805 is divided by 45.
40
What is the remainder when 124 is divided by 9?
7
What is the remainder when 133 is divided by 34?
31
What is the remainder when 109 is divided by 58?
51
Calculate the remainder when 15 is divided by 11.
4
What is the remainder when 60 is divided by 8?
4
Calculate the remainder when 578 is divided by 288.
2
Calculate the remainder when 318 is divided by 28.
10
Calculate the remainder when 325 is divided by 112.
101
Calculate the remainder when 1846 is divided by 6.
4
Calculate the remainder when 47 is divided by 17.
13
What is the remainder when 611 is divided by 214?
183
What is the remainder when 59 is divided by 32?
27
Calculate the remainder when 448 is divided by 147.
7
What is the remainder when 705 is divided by 113?
27
What is the remainder when 83 is divided by 17?
15
Calculate the remainder when 4317 is divided by 90.
87
What is the remainder when 663 is divided by 37?
34
Calculate the remainder when 5281 is divided by 19.
18
Calculate the remainder when 14234 is divided by 5.
4
Calculate the remainder when 3742 is divided by 96.
94
Calculate the remainder when 570 is divided by 138.
18
Calculate the remainder when 414 is divided by 17.
6
Calculate the remainder when 26713 is divided by 65.
63
What is the remainder when 814 is divided by 39?
34
Calculate the remainder when 835 is divided by 12.
7
What is the remainder when 131 is divided by 15?
11
What is the remainder when 128 is divided by 36?
20
Calculate the remainder when 1650 is divided by 13.
12
What is the remainder when 1486 is divided by 48?
46
What is the remainder when 391 is divided by 189?
13
What is the remainder when 636 is divided by 252?
132
Calculate the remainder when 221 is divided by 79.
63
Calculate the remainder when 650 is divided by 4.
2
Calculate the remainder when 78 is divided by 32.
14
What is the remainder when 45 is divided by 23?
22
What is the remainder when 1705 is divided by 101?
89
What is the remainder when 71 is divided by 5?
1
Calculate the remainder when 1233 is divided by 103.
100
What is the remainder when 792 is divided by 135?
117
Calculate the remainder when 598 is divided by 20.
18
Calculate the remain